*q + 2, 5*t - 5*q - 19 - 1 = 0. Let d = 3 + -2. Let c = d + t. What are the prime factors of c?
3
Let u = 61 - 21. List the prime factors of u.
2, 5
Let l(z) = -5*z. Suppose 0 = -b - 0 - 4. Let r be l(b). Suppose -5*p = -0 - r. List the prime factors of p.
2
Suppose -4*f = -2*f - 52. What are the prime factors of f?
2, 13
Let q(f) = 2*f + 8. What are the prime factors of q(9)?
2, 13
Let a be 0 - (-4)/(4/3). Let m = a + 0. What are the prime factors of m?
3
Let p(a) = -a**3 - 13*a**2 + 10*a - 11. Let z be p(-14). Suppose z = 5*s - 70. What are the prime factors of s?
23
Suppose -20 = -b + 6*b. What are the prime factors of 27/6 - (-2)/b?
2
Suppose -v + 6 = 4. Suppose -2*t + 15 = 3*k - v*k, 2*t - 33 = 5*k. List the prime factors of t.
3
Suppose -h = -2*y + 49, -h - h = -y + 20. Suppose 4*u = -3*l + 71 + y, 5*l = -5*u + 115. Suppose -4*x + u + 24 = 0. List the prime factors of x.
13
Let c = 15 + -19. What are the prime factors of c/24 - 602/(-12)?
2, 5
Let b(j) = -j**3 - 6*j**2 + 12*j + 1. What are the prime factors of b(-8)?
3, 11
Suppose -5*m - 2*o + 16 = -m, -4*m + o + 10 = 0. Suppose m*y = y + 32. What are the prime factors of y*((-2)/(-4) - 0)?
2
Suppose -6*q = -q. Suppose 5*t = -5*j + 70, -t + q = 2*j - 13. What are the prime factors of t?
3, 5
Let x be (-384)/(-15) - ((-18)/15)/(-2). Let b = -1 - -3. Suppose 5*w = 2*f - x, 4*w = -2 - b. List the prime factors of f.
2, 5
Let a(f) = 2*f**2 - 12 - f**3 - 9*f + 0*f**3 + 11*f**2 - f**2. List the prime factors of a(11).
2, 5
Let i(q) = q**2 + 7*q - 8. Let c be i(-8). Suppose -2*v + 35 + 35 = c. What are the prime factors of v?
5, 7
Suppose -t - 5*n + 77 = -61, -n + 456 = 3*t. List the prime factors of t.
3, 17
Let g = 53 - -1. Let p(f) = f**3 + 3*f**2 - 3*f - 1. Let b be p(-3). What are the prime factors of g/b + 3/12?
7
Let q = 3 + 1. Suppose 0 = -2*i - 4*x + 8, -q*i + 2*i = -x - 3. What are the prime factors of i?
2
Let q(c) = c**3 - 6*c**2 + 5*c + 5. Let o be (4 - -1)*(-2 + 3). Let s be q(o). Suppose -5*p + 0 + 5 = -s*j, p + 3*j = 17. What are the prime factors of p?
5
Suppose -5*a + y + 3*y = -185, 2*a - 5*y - 74 = 0. Let v = 64 - 37. Suppose 3*u = 2*w - v, -a = -2*w + 2*u + 3*u. List the prime factors of w.
2, 3
Let y(b) = -b**3 - 3*b**2 - 12. What are the prime factors of y(-5)?
2, 19
What are the prime factors of (-16)/2*(-10)/5?
2
Let n be (-1)/(-2)*60/5. Suppose 0 = -n*q + 3*q + 27. List the prime factors of q.
3
Let b be (-3)/2*16/(-6). Suppose -b*f = f + 10. Let q = 0 - f. List the prime factors of q.
2
Suppose -5 = -0*l + 4*l - m, 0 = l + 5*m - 4. Let f be (9*l)/(9/(-6)). Let n = 13 - f. What are the prime factors of n?
7
Let f(b) = b + 19. Let q be f(-14). Suppose -q*c + 8 = -4*c. What are the prime factors of c?
2
Let o(b) = -3 + 4*b**3 + 6*b**2 + b - b**3 - 4*b**3. Let g be o(6). Suppose -45 = -2*w - g*w. What are the prime factors of w?
3
List the prime factors of ((-16)/6 + 3)*354.
2, 59
Let n = 3 - 1. Let u be -1 - n - (-6 - -1). Let x = u - -6. What are the prime factors of x?
2
Let n be ((-4)/(-5))/((-1)/(-35)). Suppose -2*r = -n - 16. What are the prime factors of r?
2, 11
Let q(n) = -n**2 - 6*n - 5. Let u be q(-5). Suppose d = -u*d - 15. List the prime factors of (10/d)/(1/(-3)).
2
Let k(z) = -1 + 2 + 0*z**2 + z**2 - 9*z + 7. Let v be k(6). List the prime factors of (1*v - 1)/(-1).
11
Let h = 204 - -95. List the prime factors of h.
13, 23
Suppose -3*f - 2*f = 0, -3*h - 4*f = -84. Suppose -3*c + 17 = -z - 20, -4*c + h = 4*z. What are the prime factors of c?
11
Suppose -5*k - 24 = -8*k. What are the prime factors of k?
2
Let b(a) = 2*a. Let o be b(-15). What are the prime factors of (2*-1)/(15/o)?
2
Let x = -8 - -6. Let w = 32 - x. List the prime factors of w.
2, 17
Suppose -2*f + 3*u + 15 = -2*u, 2*u = -2*f + 22. Let g = 7 + -5. List the prime factors of (-12)/f*(-5)/g.
3
Suppose -3*q = -0*r - 5*r - 16, 0 = r + 3*q - 4. Let t(j) = j**2. Let y be t(r). Suppose 4*l = -2*c + 4, 3*l + 0*c - 14 = y*c. List the prime factors of l.
2
Let y(z) = -z - 3. Let u be y(-3). Suppose 2*l = -2*c + 22, c + 4*l = -u*c - 1. Suppose 0 = x - 1 - c. List the prime factors of x.
2
Suppose a = -3*a. Suppose w + 4*w = 3*r + 65, 2*w - 3*r - 35 = a. List the prime factors of (-16)/(-40) + 146/w.
3, 5
Let m(s) be the second derivative of s**5/20 - 2*s**4/3 + 7*s**3/6 - s**2 + s. Let y be m(7). Let d = y + 12. List the prime factors of d.
2, 5
Let t = -7 + 7. Suppose -4*q + 19 + 9 = t. What are the prime factors of q?
7
Let l be 0/(9/3 + -2). Let z(q) = q**3 + q + 3. Let m be z(l). Suppose m*w + 2*p = 4*p + 22, 3*w - 4*p = 14. What are the prime factors of w?
2, 5
Suppose -3*b = -9, 2*b = -3*t + 4*t + 7. Let l(q) = -17*q + 1. What are the prime factors of l(t)?
2, 3
Suppose -4 = 4*p, -4*p + 10 = 4*l - 6*p. Let g(j) = -j**2. Let z be g(0). Let a = z + l. What are the prime factors of a?
2
Suppose 32 = -4*a + 2*a. Let d = a - -27. What are the prime factors of d?
11
Let w(i) be the first derivative of i**3/3 + 7*i**2/2 - 6*i + 3. Let n be w(-8). Suppose -3*a + 3*b + 38 = -b, -n = -a - 4*b. List the prime factors of a.
2, 5
Suppose f - 26 = -0*f. Let t = 46 - f. Suppose 3*x - t = 13. What are the prime factors of x?
11
Suppose -5*h - 5*s + 4 = -16, 0 = h + 4*s - 16. Let t = -5 - -3. Let k = h - t. What are the prime factors of k?
2
Let l = 35 + -21. Let j = l - 4. List the prime factors of j.
2, 5
Let q be -4 - 6/(-3) - -30. List the prime factors of 8/(-6)*(-42)/q.
2
Suppose -d - 12 = -3*d. Let r(x) = x**3 - 5*x**2 - 5*x - 2. Let u be r(d). Suppose -u*q = -46 + 14. What are the prime factors of q?
2
Let q = -4 - 6. Let x be (12/(-10))/(3/q). Suppose 3*w = 3*p - 8*p - 11, x*p + 4 = -4*w. What are the prime factors of w?
3
Let z(y) = 13*y**2 + 2*y - 1. Let l be z(1). What are the prime factors of (2 + -4 - -3)*l?
2, 7
Suppose 2*l = 4*p + 45 + 53, 5*p = 2*l - 101. What are the prime factors of l?
43
Let x(i) be the second derivative of -i**5/20 + i**4/3 + 7*i**3/6 - 3*i**2 + 7*i. Suppose -2*j - 3 - 2 = y, -y - j = 0. List the prime factors of x(y).
2
Let z(f) = -5*f + 6. Let k(n) = 6. Let j(m) = -m + 5. Let v(l) = 3*j(l) - 2*k(l). Let t(u) = -9*v(u) + 4*z(u). What are the prime factors of t(2)?
11
Suppose -35 + 219 = 4*z. What are the prime factors of z?
2, 23
Let h(o) = -o**3 + 0*o**2 + 5 + 2*o + 6*o**2 - 9*o. Let p(l) = l**2 + 3*l + 4. Let j be p(-3). List the prime factors of h(j).
3
Let g be (-2376)/104 + (-2)/13. Let y = g - -50. List the prime factors of y.
3
Let i be 3 - 2 - (22 + -1). Let o be (4/(-5))/((-4)/i). Let n = 14 + o. List the prime factors of n.
2, 5
Suppose 2*q = -2*q + 344. What are the prime factors of q?
2, 43
Let n(f) = -f - 2. Let m(y) = 5*y + 11. Let p(v) = -2*m(v) - 11*n(v). Let z = -9 - -15. What are the prime factors of p(z)?
2, 3
What are the prime factors of (0 - 4) + (-658)/(-7)?
2, 3, 5
Let p(d) = -d - 2. Let b be p(-5). Let c(k) = -b + 2*k + 2 + 6*k. What are the prime factors of c(2)?
3, 5
Let x(w) = -w**3 + w**2 + w + 5. Let i be x(0). Suppose -2*j - i = -3*j. List the prime factors of -3*16/(-30)*j.
2
What are the prime factors of -6*(-11)/((-99)/(-120))?
2, 5
Suppose 0 = 4*o - 3*n - 62 - 746, 3*o - 606 = n. List the prime factors of o.
2, 101
Let u(g) = 2*g**3 + 2*g**2 - 5*g + 4. List the prime factors of u(2).
2, 3
Let r = -3 + 91. What are the prime factors of r?
2, 11
List the prime factors of 6/(-21) + (-1073)/(-7).
3, 17
Suppose 2*j = -4*z + 66, -5*j + 0*j = -4*z + 31. Suppose -m + z - 1 = 0. What are the prime factors of m?
13
What are the prime factors of (-3)/21 + 204/7?
29
Let j = -66 - -115. What are the prime factors of j?
7
Suppose -3*y - 2*i = -0*y + 46, 2*i + 10 = 0. Let k = 28 + y. List the prime factors of k.
2
Suppose -10*h + 11*h - 14 = 0. What are the prime factors of h?
2, 7
Suppose 0 = 4*y - 0*y. Suppose y = -5*i + 5 + 20. What are the prime factors of i?
5
Let n(a) = 2*a - 3. Let w = 13 - 5. List the prime factors of n(w).
13
Suppose -2*q + 142 = 5*s - 3*q, s = 3*q + 34. List the prime factors of s.
2, 7
Suppose -24 = 4*z - 8, -n = -z - 22. Suppose n - 55 = -u. List the prime factors of u.
37
Let d be 4/2*(0 + -1). Let w = d - -13. What are the prime factors of w?
11
Let d(f) = -f + 1. Let p(a) = 4*a - 3. Let n(l) = -3*d(l) - p(l). Let r be n(-